(x) = x**2 - x**2 + 5*x - 4 + x**2. What are the prime factors of p(r)?
2, 5
Let a be ((-2)/6)/((-2)/12). Suppose a*y = y. Suppose j = -y*j + 20. What are the prime factors of j?
2, 5
List the prime factors of (-319)/(-33)*(5 - 2/1).
29
Let i = 136 - 56. Let l = 116 - i. Suppose 27 = 3*c + 3*a, -4*c + 4*a + a = -l. List the prime factors of c.
3
Suppose 4*w = -2*o + 268, 2*w = -5*o + 747 - 93. What are the prime factors of o?
2, 5, 13
Suppose -v = 2*v + 75. Let p = v + 79. Suppose 4*i - p = i. List the prime factors of i.
2, 3
Let o(y) = y - 2 + 1 - 5*y - 3*y - y**2. List the prime factors of o(-5).
3
Suppose -169 = -3*x - 16. Suppose -2*f - p = -2*p - x, -81 = -3*f - 3*p. List the prime factors of f.
2, 13
Let w = 0 + 3. Let n be (w - (-1 - -2)) + 7. Let y = n + -5. What are the prime factors of y?
2
Suppose -87 = -x - 2*x. List the prime factors of x.
29
Let u(j) = j**3 - 3*j**2 - 6*j - 1. Suppose 3*r - s + 11 = 0, 0*r + s = -r - 5. Let d = 1 - r. List the prime factors of u(d).
19
Let s be 1 - (-2 + (-2)/(-2)). Let f = -78 - -80. Suppose -t = s*t + n - 23, f*t - n - 22 = 0. What are the prime factors of t?
3
Let n(y) = y**3 + 15*y**2 + 15*y + 22. Let x(o) = o + 1. Let v(p) = n(p) - x(p). Let r = 31 - 45. List the prime factors of v(r).
3, 7
Let q(i) = -3*i**3 - i**2. Let u(c) = c**3 - 3*c**2 + c - 3. Let a be u(3). Suppose -10 = 4*w - 2*h, a = -3*w + 5*h - 3 - 15. List the prime factors of q(w).
2
List the prime factors of (-710)/(-40)*(0 - -4).
71
Suppose -w + 810 = 4*w. List the prime factors of w.
2, 3
Let p = -6 + 10. Let q be 2 + 2/p*-2. Let d = q - -5. What are the prime factors of d?
2, 3
Let t = -3 - -8. Suppose -c + 4*p + 19 = 0, 6*c - 4*c - 32 = t*p. List the prime factors of c.
11
Let v(j) = 24*j**3 - 2*j**2 + 2*j - 1. What are the prime factors of v(1)?
23
Let x = -11 - -14. Suppose x*d = -4*b + 109, d + 0*d - 3 = 0. Suppose 5*f = 40 + b. List the prime factors of f.
13
Let s = -30 - -109. What are the prime factors of s?
79
Let r be 5 - (2 + (-3 - -3)). Suppose -6*k + 3*c + 75 = -3*k, -r*c + 3 = 0. What are the prime factors of k?
2, 13
Suppose 35 = 3*l + 2*l. Let j = l + 0. List the prime factors of j.
7
Let r(n) = 37*n**2 - 10*n. Let u(c) = 12*c**2 - 3*c. Let b(m) = -2*r(m) + 7*u(m). List the prime factors of b(-2).
2, 3, 7
Let b(u) = u**2 + 20*u - 56. What are the prime factors of b(-24)?
2, 5
Suppose -5*f = -331 - 414. List the prime factors of f.
149
List the prime factors of 0 + 43 - (5/1 - 3).
41
Suppose -s - 9 = -4*s. Suppose l - 4 = 3*l, s*p = 3*l + 108. List the prime factors of p.
2, 17
Let g be 4 + 2/(0 - -2). Suppose -7*j - 48 = -4*w - 3*j, 4*w - g*j = 47. What are the prime factors of w?
13
Let y(f) = f**3 + 4*f**2 - f + 5. Let v(p) = p**3 - 4*p**2 - 4. Let o be v(4). What are the prime factors of y(o)?
3
Suppose 2*r + 10 = 4*r + 2*u, -4*r + 28 = -4*u. Suppose 4*f = r*f - 8. List the prime factors of f.
2
Suppose -u - 774 = -4*m - 6*u, -u + 390 = 2*m. What are the prime factors of m?
2, 7
Let n(r) = -r**2 - r + 8. Let w be n(0). Let m = 9 - 5. Suppose -24 - w = -m*b. What are the prime factors of b?
2
Let k = 21 - 8. Let b be (-10)/(-8)*(2 + 2). Suppose 4*v + 20 + k = 3*a, -b*a - 2*v + 55 = 0. What are the prime factors of a?
11
Let o be 1/(-5 + 4)*-93. Let f = -65 + o. List the prime factors of f.
2, 7
Let f(k) be the second derivative of -k**3/3 + 2*k**2 + 4*k. What are the prime factors of f(-5)?
2, 7
Let x(u) = u**2 + 2*u - 4. Suppose 0 = 3*f + 15 - 3. Let h be x(f). Suppose -h = -2*v - 0*v. What are the prime factors of v?
2
List the prime factors of (-210)/(-36) - 3/(-18).
2, 3
Let c be (0 + (-3)/(-2))*4. Suppose -18 = -4*j + c*j. List the prime factors of 16/6 + 6/j.
2
Suppose 4*s = -5*z + 1052, 3*s - 2*z = -6*z + 788. Let h be s/6 + (-2)/3. Suppose 2*q + 2*i = h, 90 = 5*q - 10*i + 5*i. What are the prime factors of q?
2, 5
Suppose -2*t + 86 - 8 = 0. List the prime factors of t.
3, 13
Let l be 1*2 + (5 - 3). Let i(w) = -3*w**2 - l + 0 + w**3 + 0 + 4*w. List the prime factors of i(3).
2
Suppose -3*w = 15, 2*w + 2*w = -4*h + 420. List the prime factors of h.
2, 5, 11
Let h = 4 - 2. Suppose z + 5 = h*z. Suppose y + 0 = -z*f + 78, 0 = 4*f - 2*y - 54. List the prime factors of f.
3, 5
Let i = -4 + -8. List the prime factors of (-2 - (-4 + 3))*i.
2, 3
Let w = 329 + -149. List the prime factors of w.
2, 3, 5
Let t be (-1085)/(-42) + 1/6. Let r = t + -20. List the prime factors of r.
2, 3
Suppose 2 = -3*j + 2*v + 8, -5*j - 5*v = -10. List the prime factors of 6/(-4) - (-29)/j.
13
Suppose -8 = 5*o - 3*o. Let j(m) = m**3 + 5*m**2 + 2*m + 4. What are the prime factors of j(o)?
2, 3
Let i be (2/4)/((-1)/(-16)). Suppose 3*m = -16 - i. Let k = m + 16. List the prime factors of k.
2
Let f be (-1)/(-3) + (-40)/(-6). Let p(v) = 2*v**2 + 8*v - 3. Let y(g) = -3*g**2 - 8*g + 3. Let q(m) = 4*p(m) + 3*y(m). List the prime factors of q(f).
2
Let m = 22 + 57. List the prime factors of m.
79
Suppose 4*n - 4*y - 1416 = 0, -3*n + 0*y + 1061 = -4*y. What are the prime factors of n?
5, 71
Let l(f) = f**2 - 5*f - 6. Let x be l(7). Let i be (-459)/(-12) - (-6)/x. Suppose 0 = 3*g - 0*g - i. List the prime factors of g.
13
Let x be (-204)/(4 + -1) + -2. Let s = x - -98. Suppose c = -3*d + s, -4*d + 3*c + 38 = 4*c. What are the prime factors of d?
2, 5
Let g = -6 - -7. Suppose -u = g + 2. What are the prime factors of (-3 - u) + 1*5?
5
Let i(q) = -q + 3. Let w be i(0). Suppose x + 3 = 2*f + 2*x, 0 = -w*f - 2*x + 2. Let n = f + 3. What are the prime factors of n?
7
Let r(g) = -51*g. What are the prime factors of r(-1)?
3, 17
Let m be (-1 - 2)*(5 - 6). Suppose 3*h = m*s, -5*h - 4*s - 16 = -52. List the prime factors of h.
2
Let d(r) be the second derivative of r**4/12 - r**3/3 + r**2 - 3*r. Let f be d(2). List the prime factors of (f - 3)/(2/(-10)).
5
Let h = 94 - 56. List the prime factors of h.
2, 19
Let x(g) = -g**2 - 10*g - 3. Let a be x(-9). Suppose 4*q + 134 = 14. List the prime factors of q/(-9)*9/a.
5
Suppose -5*i + 0 = -3*x + 16, -2*x + 14 = -5*i. Let a be -2 + 5/(2/2). Suppose x*d = 3 + a. List the prime factors of d.
3
Let j(k) = -k + 5. Let b be j(4). What are the prime factors of (2 + -1)/b*34?
2, 17
Suppose i - 18 = 39. List the prime factors of i.
3, 19
Let o be (4/4)/((-2)/14). Let l = 22 - o. Let k = l + -18. List the prime factors of k.
11
Let m be ((-4)/(-14))/((-10)/(-140)). Suppose -4*c + 4*l + 7 = -33, 2*c = -2*l + m. What are the prime factors of c?
2, 3
List the prime factors of -6*(-2)/3 + 381 + -3.
2, 191
Suppose 5*a = 15 - 0. Suppose -a*l - 12 = -159. What are the prime factors of l?
7
List the prime factors of 136/10 + (-4)/(-10).
2, 7
Let s(d) = 7*d**3 - d**2. Let k be s(1). Suppose 0 = -p - p + k. List the prime factors of p.
3
Suppose 0 = -o + 4*q + 4, 4*o = -2*q + 26 + 26. Suppose 3*a - o = 27. What are the prime factors of a?
13
Let s = 2 - -2. Suppose -3*y + 4*b = -13, 5*y - s*b - 5 = 6. List the prime factors of 3 + (7 - y) + -2.
3
Suppose -5*f + 85 - 236 = -3*y, 2*f = -3*y + 116. What are the prime factors of y?
2, 3, 7
Suppose -w + 34 = -27. What are the prime factors of w?
61
Let x = -69 - -123. Suppose 2*f + 6 - x = 0. Suppose -2*u = -0*u - f. What are the prime factors of u?
2, 3
Let h(b) = 21*b**2 + 3*b - 2. What are the prime factors of h(-3)?
2, 89
Let d(n) = -n**3 + 10*n**2 + n + 1. Let g be d(10). Suppose -4*y = -y. Suppose 5*z = -w + g, 4*w + 4*z - 56 + 12 = y. What are the prime factors of w?
11
Let m = -10 + 16. Let c = 6 + m. What are the prime factors of c?
2, 3
List the prime factors of ((-328)/(-3 - 1))/2.
41
List the prime factors of ((-4)/10)/((-1)/5).
2
Let c = -3 + 6. Suppose 0 = k - 33 + c. What are the prime factors of k?
2, 3, 5
Suppose 5*r + q - 191 = 0, -4*r + 7*r + 4*q = 101. What are the prime factors of r?
3, 13
Let l be (-576)/(-10) - 3/5. Suppose -h = -5*o - 3*h + 54, 4*o - 3*h = l. What are the prime factors of o?
2, 3
Suppose 6*u + 28 = 298. Let g = u - 23. List the prime factors of g.
2, 11
Let l be (1 - 0/(-1)) + 0. List the prime factors of (2 + l)/(1/3).
3
What are the prime factors of 32/12*(-39)/(-2)?
2, 13
Suppose -y + 366 = 5*g + 23, 0 = -g - y + 71. What are the prime factors of g?
2, 17
Let x be (8/5)/(14/35). Suppose 0 = -2*p + x*p - 4. Suppose -2 + 26 = p*z. 